7 + 2 + -4 + (6 - 2).
-5
Calculate (0 - -2) + (0 - 9) + 3.
-4
What is the value of (-1 - -3) + (-16 - -12)?
-2
Evaluate -2 - 2 - (-6 - -2).
0
Evaluate -11 - (-6 + (-3 - -4)).
-6
What is the value of -6 - (6 - (15 - 6))?
-3
Calculate 4 + -11 - (-3 + 0).
-4
What is the value of -11 + 1 + 3 - -6?
-1
-5 + 1 + 3 + 10
9
Calculate -3 + 7 + (1 - 6) - -1.
0
What is the value of 2 - (-6 + 6) - 0?
2
4 + 0 - (-33 - -36)
1
4 + -3 + 0 + 3
4
(-2 - 8 - -11) + 3
4
What is -11 + (-2 - -4 - -4)?
-5
What is the value of 8 + (-4 - -14) + -11?
7
10 + -5 - (9 - (-1 - -6))
1
Calculate -1 + -1 + -1 - 1.
-4
What is the value of 6 + 2 + -5 + 1?
4
Evaluate 0 + 5 + (45 - 45).
5
What is the value of 5 - (3 + (0 - -3))?
-1
Calculate 3 + -5 + 0 + 4 + -6.
-4
Calculate -3 + (-12 + 9 - 4).
-10
Evaluate 2 - (5 - 0) - (-10 + 3).
4
(5 + 0 - 1) + 48 + -47
5
What is the value of 1 + 1 - (-46 - -54)?
-6
What is (-5 - (-3 - (-2 - 0))) + -2?
-6
Calculate -1 + 3 - (0 - -1) - 3.
-2
What is (2 - 7) + 6 - (-2 + 2)?
1
Evaluate 15 - 6 - (-1 + 5 + 0).
5
What is 22 + -13 + -11 - (0 + -2)?
0
Evaluate 4 + 2 - (-10 + 13).
3
What is (-4 - (4 + -8 + 6)) + 13?
7
-6 + -2 + 4 + -3 + 3
-4
Calculate -13 + 8 + (1 - 0).
-4
Evaluate -9 + -6 + 9 + 8 - 1.
1
0 - (2 + 0) - (-10 - -10)
-2
4 + (-1 + -1 - (39 + -36))
-1
What is 0 - (4 + -1 - -1)?
-4
What is -12 - -3 - (16 + -20)?
-5
What is the value of (0 - 3) + (-5 - 10 - -17)?
-1
Calculate (-14 - -21) + (2 - 6).
3
What is -1 + -1 + (4 - (1 - -4))?
-3
What is the value of -34 - -37 - (-2 - -7 - 2)?
0
Calculate (9 + -4 - -4) + -2 + -6.
1
Evaluate 1 + -6 - -7 - (4 + 2).
-4
What is 5 + 0 + -14 + 11?
2
What is 3 + (-2 - 8) - -3?
-4
Evaluate (0 - 4) + 10 + -4.
2
Evaluate (4 - 5) + -4 + 3.
-2
Calculate -2 - -2 - (4 + 0).
-4
What is the value of 15 + -16 + (0 - -3)?
2
What is -1 + 5 + -3 + 0 + -1?
0
What is -4 + 7 + (-1 - -2)?
4
Evaluate -3 + -8 - (-1 - (-6 - -11)).
-5
Calculate 3 + -8 + 5 + 7.
7
What is the value of 0 + -12 - -22 - -1?
11
Calculate 3 + (-5 - -5 - (1 - 2)).
4
What is the value of 25 + -34 + (-2 - -2 - -5)?
-4
Evaluate -2 - ((-2 - 4) + 4 + -1).
1
-2 + -3 + (4 - 5) + 8
2
Calculate -11 + (8 - 10 - -22).
9
-4 - (6 + -11) - (10 - 5)
-4
Calculate 9 + (0 - 1) + -3 + 0.
5
-4 + (-1 - -5) + (-1 - 0)
-1
What is the value of -2 - 1 - (-7 - (3 - 5))?
2
Evaluate (1 - (0 - (-3 - -4))) + 3.
5
-3 + -1 + -3 + 6
-1
What is the value of -2 + -12 + (-2 + -3 - -9)?
-10
-2 + 3 + (-1 - (3 + -5))
2
What is 0 + -5 + 1 + 1 + 6?
3
What is the value of 7 + -2 + -1 + -1 + 1?
4
-4 + 1 + 5 + -5
-3
Evaluate (3 - 7) + (4 + 1 - -1).
2
What is 0 + 4 + -6 + 2?
0
-4 + 2 + -2 + 2 + -3
-5
What is the value of -2 + (-11 - -13) + (-1 - 0)?
-1
Calculate -3 + (-4 - (2 + 3 + -9)).
-3
Calculate -1 - (-3 - ((-4 - -6) + -3)).
1
What is the value of (-7 - -6) + (-16 - -13)?
-4
What is 2 + 0 + -2 + (0 - 1)?
-1
What is the value of 5 - 1 - (3 - 1)?
2
Calculate 1 + -3 + -2 + 8.
4
Calculate -6 + (11 - (-4 - (-1 - 4))).
4
2 + -3 + 1 + 6 + -7
-1
What is 0 + 1 + (4 - 10)?
-5
4 - (0 - (-3 + -2 + -1))
-2
-3 + 0 + (-10 - -6) - -1
-6
Calculate 2 - -1 - -1 - (4 + -3).
3
What is -9 - -8 - ((1 - 1) + 3)?
-4
Evaluate (-14 - -3) + 14 + -2.
1
What is the value of (20 - 10 - 23) + 17?
4
What is -2 + 5 + -10 + 5?
-2
Evaluate 1 + (-7 + 2 - (10 + -13)).
-1
What is -5 + -4 + 10 + -5?
-4
What is the value of (3 - 9) + (2 + 1 - 1)?
-4
What is the value of 7 + 0 + 10 + -15?
2
Evaluate 10 - (-6 + 8 + 6) - 5.
-3
Evaluate 5 - 9 - (-3 + 0 - -2).
-3
Calculate 1 - ((2 - (5 - 3)) + -1).
2
What is -19 + (3 - -6) + (-1 - -9)?
-2
Evaluate -6 - (-21 - (9 + -18)).
6
Calculate -7 + 9 + 3 + -7 + 1.
-1
What is 8 - (6 - (8 + -10))?
0
Evaluate (17 - (13 - 5)) + -2 + 1.
8
What is 5 + 1 + (-4 - 0)?
2
What is 2 + 1 - ((6 - 10) + 14)?
-7
What is -3 + -7 + -2 - -16?
4
Calculate (10 - 1) + 71 + -76.
4
Calculate 1 + -1 + -4 + 2.
-2
What is (-6 - -5) + 1 + (0 - -1)?
1
Calculate 0 + 0 + 4 - 5.
-1
What is 81 + -77 + (0 - (1 - -7))?
-4
What is the value of 0 + 0 + 1 + 4?
5
What is the value of 0 + ((5 - 3) + -4 - 1)?
-3
What is the value of -4 - (0 + -1 - 3)?
0
Calculate 1 - (2 + 1 - (1 + -4)).
-5
117 + -122 - (2 + 2 - 0)
-9
Calculate 6 + (-1 + (3 - 7) - -6).
7
Calculate (3 - -3) + -3 + -1 - 4.
-2
Calculate 3 + 4 + -2 + -4.
1
Calculate -2 + 0 - (1 - -1).
-4
Calculate 2 - -2 - (-18 + 22).
0
-9 + (-3 + 5 - -5)
-2
Evaluate -8 + (2 - -3) - (-4 + -3).
4
Evaluate -9 + (5 - -2) - -3.
1
Evaluate (-1 + (-3 - -1) - -4) + 4.
5
What is 6 - (3 - 1 - 0)?
4
-7 - (0 + -8 - 6)
7
Evaluate -1 + (-4 - -8) - 4.
-1
What is (8 - 3) + 2 + -3?
4
Evaluate (-6 - -13) + -14 + 2.
-5
What is the value of (0 - 2) + 2 + 5 + -4?
1
What is -7 - (-24 - (-6 + -4))?
7
What is -2 + ((-5 - -2) + 1 - -2)?
-2
What is 5 - (4 + (1 - 2) + -1)?
3
(-29 - -10) + (2 - -8)
-9
0 + 2 + 7 + -4 + -10
-5
Evaluate 1 - (8 - (-2 + 8)).
-1
0 - (3 + 2 + -5)
0
Evaluate 0 - (-7 + -3 + 7).
3
1 + 6 + (10 - 19)
-2
What is the value of -25 + 30 - (2 - 0)?
3
What is the value of -3 - -6 - (-10 + 19)?
-6
What is the value of 2 + 2 + 2 + (6 - 20)?
-8
-1 - (0 + 3 + 0 + -5)
1
What is (5 - (8 - 2)) + -2 + -2?
-5
Evaluate 9 - (5 - 0) - (0 - -1).
3
Calculate 1 + 3 + (-2 - (-1 + 0)).
3
Calculate (3 - 3 - 4) + 2 - -5.
3
What is 4 - (-7 - (-3 + -5))?
3
What is 4 - (2 + -3 - -1)?
4
Evaluate -5 + 0 - (18 + -15 + -15).
7
-1 + 5 + -2 + 12 + -14
0
What is -1 + 0 - (24 + -20) - -1?
-4
What is the value of 23 + -31 + 8 + -1?
-1
Evaluate -2 - ((-2 - 1) + 6).
-5
What is (10 - 16) + -4 + 0 + 8?
-2
Evaluate 5 + 3 - ((0 - 3) + 4).
7
Calculate 5 + -2 - (-11 + -7 - -11).
10
Calculate -2 + (-20 - -13) + 2.
-7
Evaluate -1 + (2 - -12) + -17.
-4
What is the value of 9 + -2 + 1 - 2?
6
Calculate -5 - (-4 + (1 - -2) + -1).
-3
Calculate -1 + 7 + -6 + (5 - 4).
1
What is -4 - (7 + -4 - 4)?
-3
What is 4 - ((5 - 10 - -10) + -7)?
6
Calculate -9 - (-13 - 1 - -4).
1
Evaluate 6 + 1 + 0 + (-2 - 4).
1
Calculate 3 - (3 + -4 + 10).
-6
What is -1 + (0 - 0) + 0 + 5?
4
What is the value of (4 - 6) + -2 + 10?
6
5 - (4 + 6 - 1)
-4
Evaluate -2 + 12 + -4 + 1.
7
What is 4 - ((6 - 7) + -1)?
6
What is 0 + (-2 + 4 - 1)?
1
Calculate 1 + (0 + 0 - 0) - 2.
-1
-2 - 3 - (-6 - -2)
-1
What is (-5 + 8 - -3) + -9?
-3
What is 6 + (3 + (-8 - 2) - -1)?
0
What is -6 + -11 - (-9 + -2)?
-6
27 - 17 - (-2 + 6)
6
Evaluate 6 + -2 - (3 - -3).
-2
What is -2 + (7 - (2 + 4)) + -3?
-4
-6 + -1 - -13 - (0 + 0)
6
Calculate -5 - (-12 - -9) - (-1 + 7).
-8
What is the value of -5 + (-10 + 6 - -11)?
2
-1 + (2 - 3 - 0) - -3
1
Calculate (12 - 5) + 0 - (0 + 1).
6
What is the value of -2 + (-7 - 1) + 4?
-6
What is the value of 1 + 3 - (-4 - -4 - 2)?
6
What is 24 + -6 + -1 + -7?
10
What is the value of -6 + (-2 - 5) + 16?
3
-3 - (9 + -8 - 9)
5
What is 3 + 2 - (3 + -7)?
9
Calculate (-1 - 3 - -10 - 1) + 6.
11
Calculate 2 - ((-4 - -8) + 1).
-3
Evaluate (4 - 2 - -2 - -5) + -4.
5
What is 2 + -4 + (-10 - -12)?
0
(-1 + 8 - (27 - 28)) + 1
9
What is (1 - 3) + (1 - (-6 - -1))?
4
Calculate -5 + (-7 - -2 - -16).
6
24 - 4 - (-44 - -58)
6
What is -17 - -1 - -6 - -2?
-8
Evaluate -3 - -5 - (1 - 2).
3
2 + -1 + 3 - 3
1
-11 - -6 - (3 + -12)
4
Evaluate -5 - -7 - (3 + 1) - 0.
-2
What is the value of 2 - (-1 - -1) - (11 + -6)?
-3
What is the value of -16 + 13 + (2 - (-2 - -5))?
-4
What is 1 - (3 - (-1 - 1))?
-4
Calculate -7 + (-5 - (6 - 12)).
-6
2 + -5 + -2 - -4
-1
What is (23 - 18) + (-1 - 7)?
-3
-18 - -17 - (-4 - (-1 - 3))
-1
What is the value of -2 + 2 + (-9 - -3) - -2?
-4
Evaluate -1 + -5 + -85 + 95.
4
What is (-1 - (1 + -4)) + -17 + 25?
10
Evaluate -3 + 2 + 1 - 3.
-3
Evaluate -6 - (-4 - ((0 - 6) + 7)).
-1
What is -6 + 1 - -11 - (5 - -1)?
0
What is (3 + -1 - -2) + 1 + -8?
-3
Evaluate 5 - (5 + (12 - (1 - -1))).
-10
What is the value of (-2 - -3) + -8 + 4?
-3
Evaluate -7 - (0 + (3 - 6)).
-4
2 - (-4 + 6) - 5
-5
Evaluate -10 - ((1 - 5) + -2).
-4
Evaluate -5 - 1 - (-3 + 2 + -2).
-3
Calculate 840 + -834 - ((0 - 0) + 1).
5
Calculate (-23 - -28) + (4 - 2) + -8.
-1
What is the value of -30 + 30 - (1 + 1 - -2)?
-4
Evaluate -4 + 2 + (-4 - -3) + -1.
-4
Calculate -3 + 5 - (5 - 2).
-1
Evaluate 0 - 1 - (-3 + 4).
-2
Evaluate -10 + 0 - (-73 + 63).
0
Evaluate 5 + -2 + -2 + 3 - 4.
0
What is the value of 6 + (5 - (11 + 4))?
-4
What is -7 + (12 - 13 - 1)?
-9
1 + -3 + 5 - 3
0
Calculate 4 + -3 + 0 + -1 + -2.
-2
Calculate 6 - (-3 + -3 + 11 + 